4?
18
What is the highest common factor of 90 and 234?
18
Calculate the highest common factor of 60 and 3.
3
Calculate the highest common divisor of 104 and 4888.
104
What is the highest common divisor of 86 and 559?
43
What is the highest common divisor of 24 and 3228?
12
What is the greatest common divisor of 17424 and 432?
144
Calculate the highest common divisor of 13 and 689.
13
What is the greatest common divisor of 32 and 4112?
16
Calculate the greatest common factor of 402 and 938.
134
Calculate the greatest common divisor of 38 and 19.
19
What is the highest common factor of 28625 and 25?
25
What is the highest common factor of 132 and 24?
12
What is the highest common divisor of 3154 and 332?
166
What is the greatest common divisor of 78 and 429?
39
What is the highest common factor of 117 and 2502?
9
What is the highest common divisor of 113 and 7571?
113
What is the highest common factor of 855 and 45?
45
Calculate the greatest common factor of 100 and 90.
10
Calculate the highest common divisor of 1751 and 309.
103
Calculate the highest common divisor of 698 and 40.
2
What is the greatest common factor of 273 and 182?
91
Calculate the highest common divisor of 143 and 247.
13
Calculate the highest common divisor of 897 and 69.
69
Calculate the greatest common factor of 12 and 33.
3
Calculate the greatest common divisor of 45 and 195.
15
Calculate the highest common factor of 16614 and 234.
234
What is the greatest common factor of 265 and 106?
53
Calculate the highest common factor of 106 and 212.
106
Calculate the highest common divisor of 1921 and 2825.
113
Calculate the highest common factor of 14 and 2.
2
What is the highest common factor of 6 and 38?
2
Calculate the greatest common divisor of 180 and 140.
20
What is the greatest common divisor of 22 and 473?
11
What is the greatest common divisor of 705 and 3102?
141
What is the greatest common factor of 32 and 208?
16
What is the greatest common factor of 1239 and 21?
21
Calculate the highest common factor of 126 and 5814.
18
What is the highest common divisor of 44 and 55?
11
Calculate the highest common divisor of 580 and 30.
10
What is the highest common divisor of 84 and 12?
12
Calculate the highest common divisor of 1 and 49.
1
What is the highest common divisor of 33 and 81?
3
Calculate the highest common factor of 469 and 7.
7
Calculate the greatest common divisor of 204 and 1212.
12
What is the greatest common divisor of 1490 and 10?
10
What is the greatest common divisor of 420 and 175?
35
What is the highest common divisor of 135 and 150?
15
Calculate the greatest common divisor of 589 and 31.
31
Calculate the greatest common divisor of 304 and 2888.
152
What is the highest common factor of 135 and 21?
3
What is the greatest common factor of 95 and 323?
19
Calculate the greatest common factor of 204 and 48.
12
What is the greatest common divisor of 217 and 279?
31
Calculate the highest common divisor of 65 and 25.
5
What is the highest common divisor of 88 and 88?
88
Calculate the highest common divisor of 129 and 1161.
129
Calculate the greatest common divisor of 957 and 2088.
87
Calculate the greatest common divisor of 186 and 42.
6
What is the greatest common divisor of 72 and 56?
8
Calculate the greatest common divisor of 1178 and 114.
38
What is the greatest common factor of 38 and 418?
38
What is the greatest common factor of 45 and 10?
5
What is the greatest common factor of 18745 and 115?
115
Calculate the greatest common divisor of 51 and 6.
3
Calculate the highest common factor of 7600 and 912.
304
What is the highest common factor of 1196 and 104?
52
What is the highest common divisor of 10292 and 496?
124
Calculate the highest common divisor of 70 and 2.
2
Calculate the greatest common divisor of 72 and 384.
24
Calculate the highest common divisor of 3840 and 48.
48
What is the greatest common divisor of 3 and 381?
3
Calculate the greatest common factor of 208 and 182.
26
What is the greatest common factor of 246 and 24?
6
Calculate the greatest common divisor of 70 and 630.
70
Calculate the greatest common factor of 3110 and 2.
2
What is the greatest common divisor of 6028 and 88?
44
What is the highest common factor of 13969 and 1603?
229
Calculate the highest common divisor of 106 and 371.
53
Calculate the greatest common divisor of 28 and 1500.
4
What is the greatest common divisor of 1400 and 14?
14
Calculate the highest common divisor of 48 and 880.
16
What is the greatest common divisor of 53 and 742?
53
Calculate the highest common divisor of 19 and 173.
1
Calculate the greatest common divisor of 20 and 16.
4
Calculate the greatest common divisor of 13 and 3679.
13
Calculate the greatest common factor of 15 and 85.
5
Calculate the greatest common divisor of 4 and 18368.
4
What is the greatest common factor of 12 and 8148?
12
What is the highest common divisor of 648 and 144?
72
What is the highest common factor of 318 and 1113?
159
Calculate the highest common factor of 20 and 1690.
10
What is the greatest common factor of 86 and 13846?
86
Calculate the highest common divisor of 6 and 2058.
6
Calculate the greatest common factor of 1683 and 99.
99
Calculate the greatest common divisor of 90 and 660.
30
Calculate the highest common factor of 7 and 112.
7
Calculate the greatest common divisor of 2200 and 1672.
88
What is the greatest common divisor of 32 and 224?
32
Calculate the greatest common factor of 994 and 42.
14
Calculate the greatest common factor of 47 and 752.
47
Calculate the highest common divisor of 80 and 10544.
16
Calculate the highest common factor of 25 and 2445.
5
What is the highest common factor of 1310 and 10?
10
What is the highest common divisor of 110 and 385?
55
What is the greatest common divisor of 128 and 4?
4
What is the highest common divisor of 10366 and 71?
71
Calculate the greatest common factor of 12033 and 7.
7
Calculate the highest common divisor of 9875 and 79.
79
Calculate the highest common factor of 6231 and 93.
93
Calculate the highest common factor of 2007 and 2899.
223
Calculate the greatest common factor of 242 and 2.
2
What is the greatest common factor of 1185 and 435?
15
Calculate the greatest common divisor of 344 and 56.
8
Calculate the greatest common divisor of 1253 and 21.
7
What is the greatest common divisor of 76 and 64?
4
Calculate the greatest common divisor of 117 and 91.
13
Calculate the greatest common factor of 170 and 136.
34
Calculate the highest common factor of 24 and 1374.
6
What is the highest common divisor of 132 and 36?
12
Calculate the highest common divisor of 65 and 312.
13
Calculate the greatest common divisor of 126 and 13734.
126
Calculate the highest common divisor of 60 and 174.
6
What is the greatest common factor of 22 and 4103?
11
What is the highest common factor of 2013 and 61?
61
What is the greatest common factor of 165 and 170?
5
What is the highest common factor of 141 and 12?
3
What is the greatest common divisor of 80 and 240?
80
Calculate the highest common divisor of 8 and 8424.
8
Calculate the highest common divisor of 578 and 646.
34
What is the greatest common divisor of 8 and 1576?
8
What is the greatest common divisor of 6 and 906?
6
What is the greatest common factor of 47724 and 1476?
492
Calculate the greatest common divisor of 516 and 5848.
172
What is the greatest common factor of 411 and 6?
3
What is the greatest common divisor of 660 and 24?
12
Calculate the highest common divisor of 133 and 190.
19
Calculate the highest common factor of 45 and 720.
45
What is the highest common divisor of 770 and 4466?
154
What is the highest common factor of 37 and 925?
37
Calculate the highest common factor of 22 and 99.
11
Calculate the highest common factor of 357 and 136.
17
Calculate the greatest common divisor of 57 and 1.
1
Calculate the highest common factor of 150 and 96.
6
What is the greatest common divisor of 6512 and 286?
22
What is the highest common factor of 5032 and 68?
68
Calculate the greatest common divisor of 40 and 3520.
40
What is the highest common divisor of 59910 and 30?
30
What is the highest common divisor of 45 and 10200?
15
What is the highest common factor of 384 and 2944?
128
What is the highest common factor of 2415 and 10